(m) = -m**3 + 64*m**2 + 224*m - 6037. Calculate s(66).
35
Let j(i) = 637*i - 14724. Give j(23).
-73
Let m(u) = u**2 - 74*u - 20050. Give m(188).
1382
Let d(k) = k**3 - 111*k**2 + 2655*k + 1620. Determine d(36).
0
Let l(z) = 2*z**3 + 31*z**2 + 8179*z + 122547. Give l(-15).
87
Let b(d) = 2*d**3 - 64*d**2 + 689*d - 21720. Determine b(32).
328
Let h(n) = -2*n**3 - 43*n**2 - 183*n - 4502. Determine h(-22).
8
Let l(w) = -w**2 + 188*w - 7302. Give l(133).
13
Let n(i) = -295*i**2 - 4094*i - 7. Calculate n(-14).
-511
Let b(h) = 2*h**3 + 53*h**2 - 1802*h - 284. Determine b(-46).
84
Let n(v) = -v**2 - 2345*v + 16468. Determine n(7).
4
Let h(y) = 2*y**3 - 97*y**2 - 2055*y + 114. What is h(-16)?
-30
Let z(r) = -2497686*r + 49953725. Calculate z(20).
5
Let y(w) = 2*w**3 - 290*w**2 - 1177*w - 1786. What is y(149)?
449
Let u(h) = -12*h**2 + 557*h - 2904. What is u(6)?
6
Let q(x) = x**3 - 246*x**2 + 10507*x - 382. Give q(191).
0
Let y(w) = 24*w**2 + 19259*w - 19258. What is y(1)?
25
Let q(z) = -238*z + 4053. Calculate q(17).
7
Let c(l) = 18*l**3 + 155*l**2 + 91*l + 1. What is c(-8)?
-23
Let q(t) = t**3 - 116*t**2 + 928*t - 53751. Give q(112).
9
Let d(u) = -3*u**2 + 3529*u + 24734. Determine d(-7).
-116
Let j(n) = n**3 + 37*n**2 - 31*n + 402. Determine j(-37).
1549
Let z(y) = -577*y**2 - 144822*y + 1260. What is z(-251)?
5
Let p(x) = x**3 - 259*x**2 + 828*x - 174. Calculate p(3).
6
Let j(l) = -538*l**3 + 13*l**2 + 28*l - 43. Give j(1).
-540
Let h(c) = 14386*c - 100237. Determine h(7).
465
Let c(u) = 147167*u + 147193. Calculate c(-1).
26
Let o(l) = -2*l**3 - 207*l**2 - 106*l + 160. Determine o(-103).
469
Let t(j) = 4393*j + 2038329. Determine t(-464).
-23
Let y(l) = -l**3 - l**2 - 13*l + 3. Calculate y(-3).
60
Let n(t) = 13030*t - 104209. What is n(8)?
31
Let v(o) = -7*o**3 - 33*o**2 - 2*o - 24. What is v(0)?
-24
Let i(o) = o**2 - 703*o - 13392. Determine i(-19).
326
Let u(f) = f**2 + 53*f - 580. Determine u(-73).
880
Let n(r) = 22*r**3 - 925*r**2 + 48*r - 156. What is n(42)?
96
Let a(o) = -2*o**2 + 1864*o - 59321. Calculate a(33).
13
Let q(b) = -263113*b + 1841805. What is q(7)?
14
Let f(a) = 2753*a + 74438. Calculate f(-27).
107
Let a(m) = -1057*m + 30587. What is a(29)?
-66
Let h(f) = -2*f**3 - 271*f**2 + 539*f + 27. Give h(2).
5
Let r(o) = -2*o**3 - 11*o**2 - 41*o - 648. What is r(-8)?
0
Let p(g) = -6*g**3 - 162*g**2 - 15*g - 378. Give p(-27).
27
Let s(c) = 63*c**2 - 538*c - 533. Determine s(-1).
68
Let f(p) = 29238*p - 146215. Give f(5).
-25
Let w(r) = 1453*r + 4372. Determine w(-3).
13
Let h(t) = t**2 - 119292*t + 835030. Calculate h(7).
35
Let c(v) = -44*v**2 - 1439*v + 1930. Calculate c(-34).
-8
Let b(q) = 8970*q - 1381443. Give b(154).
-63
Let k(j) = -12*j**2 - 3071*j - 2816. What is k(-255)?
-11
Let t(n) = n**3 - 4*n**2 - 15*n + 10. What is t(-5)?
-140
Let x(q) = -3*q**3 + 27*q + 8. Determine x(4).
-76
Let f(i) = -17*i**2 - 26886*i + 337924. What is f(-1594)?
-4
Let o(g) = 28*g**2 - 195*g + 38. Calculate o(7).
45
Let f(s) = -3621*s - 3610138. Give f(-997).
-1
Let k(i) = -i**3 - 16*i**2 + 3928*i + 27483. Give k(-7).
-454
Let c(q) = q**3 - 11*q**2 - 80*q + 45. Calculate c(10).
-855
Let y(v) = -73486*v**2 - 440914*v + 12. Give y(-6).
0
Let u(m) = -42*m**2 - 3615*m - 172. Calculate u(-86).
86
Let a(l) = -l**2 + 7267*l - 1632125. What is a(232)?
-5
Let j(p) = 7*p**2 + 148*p - 157. Give j(-33).
2582
Let y(l) = 3*l**3 + 25*l**2 + 12*l + 52. What is y(-11)?
-1048
Let o(c) = -1054*c - 31624. What is o(-30)?
-4
Let n(p) = -4016*p + 32099. What is n(8)?
-29
Let x(a) = -3*a**3 - 238*a**2 - 3311*a - 77. What is x(-18)?
-95
Let k(a) = 3*a**3 + 80*a**2 + 261*a + 136. Give k(-23).
-48
Let w(x) = x**2 + 1572*x - 537833. What is w(289)?
-4
Let u(s) = 1259*s - 198874. Give u(158).
48
Let l(t) = -7385*t + 443096. Calculate l(60).
-4
Let r(w) = -w**3 + 48*w**2 - 339*w - 466. Give r(39).
2
Let z(s) = 49*s**2 - 1897*s + 1170. Calculate z(38).
-160
Let s(y) = y**3 - 15*y**2 - 479*y + 113. Calculate s(30).
-757
Let y(k) = -k**2 - 1383*k - 20594. Calculate y(-15).
-74
Let g(k) = 3*k**2 - 26*k - 201. Calculate g(-6).
63
Let b(s) = 578*s + 6955. Determine b(-12).
19
Let u(y) = -y**3 - 21*y**2 - 270*y - 22037. Determine u(-33).
-59
Let u(o) = -588*o - 125. Determine u(1).
-713
Let n(l) = -62782*l + 313921. Give n(5).
11
Let b(v) = 13*v**2 + 1190*v + 27199. Determine b(-46).
-33
Let f(d) = d**2 + 7002*d + 264636. What is f(-38)?
4
Let a(z) = 144123*z + 28824603. Determine a(-200).
3
Let v(p) = -19*p**2 - 8826*p - 22139. What is v(-462)?
37
Let c(v) = -v**3 + 650*v**2 - 2598*v + 9045. Determine c(646).
1
Let v(r) = r**2 - 244*r - 411. Determine v(245).
-166
Let g(s) = -s**3 - 52*s**2 - 666*s + 100. What is g(-15)?
1765
Let v(q) = -13*q**2 - 14*q - 14. Determine v(3).
-173
Let w(c) = 155*c + 4894. What is w(-31)?
89
Let b(j) = 36*j + 4313. Calculate b(-128).
-295
Let z(p) = 59*p**3 + 6246*p**2 - 859*p - 1165. What is z(-106)?
1
Let f(w) = 7*w**2 - 5715*w + 122397. Calculate f(22).
55
Let z(t) = 1206*t + 171240. Give z(-142).
-12
Let c(o) = -1200*o + 22599. Calculate c(19).
-201
Let i(u) = 2*u**3 - 4220*u**2 - 21135*u - 10. What is i(-5)?
-85
Let z(c) = -35*c**3 + 4941*c**2 - 841*c - 698. Give z(141).
7
Let h(m) = 145433*m + 872621. Determine h(-6).
23
Let b(t) = -90094*t - 1171226. Calculate b(-13).
-4
Let q(o) = 2*o**2 - 35168*o - 1798786. What is q(-51)?
-16
Let o(p) = -p**2 - 189463*p + 9096517. Determine o(48).
-11
Let b(o) = 330*o**2 + 6252*o + 59. What is b(-19)?
401
Let v(z) = -257*z**3 - 49091*z**2 - 764*z - 109. Determine v(-191).
-109
Let m(l) = -19901*l + 3144368. Calculate m(158).
10
Let b(t) = t**3 - 154*t**2 + 2819*t - 3463. Determine b(133).
-5
Let l(m) = -8185*m + 114595. What is l(14)?
5
Let m(s) = -s**2 - 194*s - 2843. Determine m(-16).
5
Let t(x) = 32*x**2 - 169*x - 176. Calculate t(-1).
25
Let k(b) = 14*b**2 + 4006*b + 16076. Determine k(-282).
-280
Let t(z) = 12*z**3 - z**2 + 74*z + 341. Calculate t(-5).
-1554
Let t(m) = 31469*m + 283371. Determine t(-9).
150
Let c(q) = 1495*q + 372228. Determine c(-249).
-27
Let h(b) = b**2 + 1008*b + 81813. What is h(-919)?
22
Let l(f) = f**3 - 535*f**2 - 634*f + 52540. Give l(536).
12
Let v(a) = 3*a**3 + 33*a**2 + 101*a + 23. Calculate v(-8).
-209
Let c(r) = -1564*r**2 - 10791*r + 1107. What is c(-7)?
8
Let l(j) = 4936*j - 44294. Give l(9).
130
Let v(y) = y**3 - 132*y**2 - 42*y + 5210. Calculate v(132).
-334
Let d(t) = t**3 - 44*t**2 + 430*t + 292. Calculate d(16).
4
Let y(q) = -468749*q + 937503. Give y(2).
5
Let w(a) = -564927*a - 2824624. Give w(-5).
11
Let i(f) = f**3 + 56*f**2 + 41*f - 699. Give i(-55).
71
Let x(y) = 2*y**2 + 279*y - 2988. Determine x(10).
2
Let f(n) = -2*n**3 + 11*n**2 - 484*n + 2954. Give f(6).
14
Let l(q) = -2*q**3 + 81*q**2 - 39*q + 1. Calculate l(40).
41
Let r(h) = -2*h**2 - 68*h - 522. What is r(-12)?
6
Let m(d) = 40*d**2 - 380*d + 397. What is m(9)?
217
Let y(v) = v**3 + 1732*v**2 + 395927*v - 1084. Give y(-271).
0
Let s(k) = 23*k**2 + 669*k - 5056. Determine s(-35).
-296
Let r(g) = 2*g**3 + 44*g**2 + 130*g - 482. What is r(-21)?
-2330
Let c(n) = -n**3 - 153*n**2 - 5444*n - 1134. Determine c(-97).
30
Let b(a) = -a**3 + 10*a**2 - 502*a + 2860. Determine b(6).
-8
Let n(o) = 8545*o - 367442. Determine n(43).
-7
Let u(t) = -411*t**2 - 5*t - 4148. Give u(0).
-4148
Let f(k) = 674*k - 7498. Calculate f(11).
-84
Let u(b) = 40*b**2 + 146*b - 189. Give u(-4).
-133
Let w(r) = 4235*r + 20079. Determine w(-5).
-1096
Let h(z) = -2*z**2 - 7988*z + 31982. What is h(4)?
-2
Let p(w) = -8*w**2 + 3808*w - 18259. Calculate p(471).
581
Let b(n) = n**2 - 1030*n + 6162. Determine b(6).
18
Let t(y) = 2*y**3 + 31*y**2 + 41*y + 87. Determine t(-16).
-825
Let l(k) = -4*k**2 + 600*k - 19751. What is l(103)?
-387
Let x(j) = -5*j**2 - 4825*j - 19279. Determine x(-4).
-59
Let j(u) = -2121*u + 59380. Calculate j(28).
-8
Let g(x) = -11*x**3 + 2162*x**2 - 12949*x - 14. Calculate g(6).
-2252
Let g(d) = -8*d**2 + 283*d - 2392. Determine g(18).
110
Let b(n) = n**2 + 170*n + 6963. Give b(-102).
27
Let h(u) = -11166*u + 401963. Give h(36).
-13
Let m(f) = -f**2 - 1503*f - 183300. What is m(-134)?
146
Let y(p) = p**3 + 22*p**2 + 9*p - 121. Calculate y(8).
1871
Let l(m) = -84*m + 724. What is l(29)?
-1712
Let n(x) = -63*x**2 + 93*x - 